{"id":294,"date":"2016-11-03T16:50:09","date_gmt":"2016-11-03T16:50:09","guid":{"rendered":"http:\/\/lawyer2.mythemecloud.io\/?page_id=294"},"modified":"2023-08-22T08:44:32","modified_gmt":"2023-08-22T08:44:32","slug":"svebico","status":"publish","type":"page","link":"https:\/\/www.svebico.se\/index.php\/svebico\/","title":{"rendered":"Svebico"},"content":{"rendered":"\t\t<div data-elementor-type=\"wp-post\" data-elementor-id=\"294\" class=\"elementor elementor-294\">\n\t\t\t\t\t\t<section class=\"elementor-section elementor-top-section elementor-element elementor-element-41b4f3c elementor-section-boxed elementor-section-height-default elementor-section-height-default\" data-id=\"41b4f3c\" data-element_type=\"section\" data-e-type=\"section\">\n\t\t\t\t\t\t<div class=\"elementor-container elementor-column-gap-default\">\n\t\t\t\t\t<div class=\"elementor-column elementor-col-100 elementor-top-column elementor-element elementor-element-80f1211\" data-id=\"80f1211\" data-element_type=\"column\" data-e-type=\"column\">\n\t\t\t<div class=\"elementor-widget-wrap elementor-element-populated\">\n\t\t\t\t\t\t<div class=\"elementor-element elementor-element-a950ea2 elementor-widget elementor-widget-heading\" data-id=\"a950ea2\" data-element_type=\"widget\" data-e-type=\"widget\" data-widget_type=\"heading.default\">\n\t\t\t\t<div class=\"elementor-widget-container\">\n\t\t\t\t\t<h2 class=\"elementor-heading-title elementor-size-large\">Vad g\u00f6r svebico?<\/h2>\t\t\t\t<\/div>\n\t\t\t\t<\/div>\n\t\t\t\t<div class=\"elementor-element elementor-element-6c89977 elementor-widget elementor-widget-text-editor\" data-id=\"6c89977\" data-element_type=\"widget\" data-e-type=\"widget\" data-widget_type=\"text-editor.default\">\n\t\t\t\t<div class=\"elementor-widget-container\">\n\t\t\t\t\t\t\t\t\t<p>SVEBICO, Sveriges Bingoarrang\u00f6rers Centralorganisation, grundades 1980 och representerar n\u00e4stan\u00a0100\u00a0 procent av Sveriges bingohallar.\u00a0SVEBICO:s styrelse best\u00e5r av \u00e5tta representanter fr\u00e5n de anslutna medlemmarna. Dessa v\u00e4ljs p\u00e5 en \u00e5rlig st\u00e4mma f\u00f6r en period av ett eller tv\u00e5 \u00e5r i att sk. saxat system. Styrelsearbetet \u00e4r helt ideellt.\u00a0<br \/>SVEBICO:s verksamhet best\u00e5r av tre h\u00f6rnstenar:<\/p>\t\t\t\t\t\t\t\t<\/div>\n\t\t\t\t<\/div>\n\t\t\t\t\t<\/div>\n\t\t<\/div>\n\t\t\t\t\t<\/div>\n\t\t<\/section>\n\t\t\t\t<section class=\"elementor-section elementor-top-section elementor-element elementor-element-bu71rau elementor-section-boxed elementor-section-height-default elementor-section-height-default\" data-id=\"bu71rau\" data-element_type=\"section\" data-e-type=\"section\" data-settings=\"{&quot;background_background&quot;:&quot;classic&quot;}\">\n\t\t\t\t\t\t<div class=\"elementor-container elementor-column-gap-default\">\n\t\t\t\t\t<div class=\"elementor-column elementor-col-33 elementor-top-column elementor-element elementor-element-p4b3n7m\" data-id=\"p4b3n7m\" data-element_type=\"column\" data-e-type=\"column\">\n\t\t\t<div class=\"elementor-widget-wrap elementor-element-populated\">\n\t\t\t\t\t\t<div class=\"elementor-element elementor-element-73gt1to areas-box elementor-position-top elementor-widget elementor-widget-image-box\" data-id=\"73gt1to\" data-element_type=\"widget\" data-e-type=\"widget\" data-widget_type=\"image-box.default\">\n\t\t\t\t<div class=\"elementor-widget-container\">\n\t\t\t\t\t<div class=\"elementor-image-box-wrapper\"><figure class=\"elementor-image-box-img\"><a href=\"#\" tabindex=\"-1\"><img fetchpriority=\"high\" decoding=\"async\" width=\"530\" height=\"297\" src=\"https:\/\/www.svebico.se\/wp-content\/uploads\/2023\/08\/Opinion.jpg\" class=\"attachment-full size-full wp-image-984\" alt=\"Sammantr\u00e4de\" srcset=\"https:\/\/www.svebico.se\/wp-content\/uploads\/2023\/08\/Opinion.jpg 530w, https:\/\/www.svebico.se\/wp-content\/uploads\/2023\/08\/Opinion-300x168.jpg 300w\" sizes=\"(max-width: 530px) 100vw, 530px\" \/><\/a><\/figure><div class=\"elementor-image-box-content\"><h4 class=\"elementor-image-box-title\"><a href=\"#\">opinionsbildning &amp; samh\u00e4llskontakter<\/a><\/h4><p class=\"elementor-image-box-description\">Bingospelet regleras av politiker och myndigheter. Under de senaste decennierna har olika utredningar om lotterilagstiftningen avl\u00f6st varandra. SVEBICO arbetar f\u00f6r att bingospelet ska f\u00e5 s\u00e5 gynnsamma f\u00f6ruts\u00e4ttningar som m\u00f6jligt och att folkr\u00f6relsernas del av den totala spelverksamheten skall \u00f6ka. SVEBICO \u00e4r remissinstans vid olika utredningar och samarbetar med ett stort antal organisationer, bl.a. Riksidrottsf\u00f6rbundet.\n\nInom ramen f\u00f6r OSS, Oberoende Spel Samverkan, som verkar f\u00f6r en sund spelverksamhet och balans p\u00e5 spelmarknaden, engagerar sig SVEBICO i de problem som spelmissbruk medf\u00f6r.<\/p><\/div><\/div>\t\t\t\t<\/div>\n\t\t\t\t<\/div>\n\t\t\t\t\t<\/div>\n\t\t<\/div>\n\t\t\t\t<div class=\"elementor-column elementor-col-33 elementor-top-column elementor-element elementor-element-94z8gp3\" data-id=\"94z8gp3\" data-element_type=\"column\" data-e-type=\"column\">\n\t\t\t<div class=\"elementor-widget-wrap elementor-element-populated\">\n\t\t\t\t\t\t<div class=\"elementor-element elementor-element-o8y6vue areas-box elementor-position-top elementor-widget elementor-widget-image-box\" data-id=\"o8y6vue\" data-element_type=\"widget\" data-e-type=\"widget\" data-widget_type=\"image-box.default\">\n\t\t\t\t<div class=\"elementor-widget-container\">\n\t\t\t\t\t<div class=\"elementor-image-box-wrapper\"><figure class=\"elementor-image-box-img\"><a href=\"#\" tabindex=\"-1\"><img decoding=\"async\" width=\"530\" height=\"297\" src=\"https:\/\/www.svebico.se\/wp-content\/uploads\/2023\/08\/Utbildning.jpg\" class=\"attachment-full size-full wp-image-985\" alt=\"Utbildning\" srcset=\"https:\/\/www.svebico.se\/wp-content\/uploads\/2023\/08\/Utbildning.jpg 530w, https:\/\/www.svebico.se\/wp-content\/uploads\/2023\/08\/Utbildning-300x168.jpg 300w\" sizes=\"(max-width: 530px) 100vw, 530px\" \/><\/a><\/figure><div class=\"elementor-image-box-content\"><h4 class=\"elementor-image-box-title\"><a href=\"#\">utbildning<\/a><\/h4><p class=\"elementor-image-box-description\">F\u00f6r att kunna driva en bingohall p\u00e5 ett seri\u00f6st och kompetent s\u00e4tt kr\u00e4vs djupa kunskaper p\u00e5 alla niv\u00e5er i arrang\u00f6rsledet. SVEBICO arrangerar regelbundet utbildningar f\u00f6r b\u00e5de chefspersonal och andra medarbetare. Utbildningarna behandlar allt fr\u00e5n management och ekonomi till service och bem\u00f6tande av kunder. \n\nEtt utm\u00e4rkt exempel p\u00e5 detta \u00e4r att Svebico har tagit fram ett f\u00f6r branschen gemensamt Kvalitetsledningssystem.<\/p><\/div><\/div>\t\t\t\t<\/div>\n\t\t\t\t<\/div>\n\t\t\t\t\t<\/div>\n\t\t<\/div>\n\t\t\t\t<div class=\"elementor-column elementor-col-33 elementor-top-column elementor-element elementor-element-phobwjz\" data-id=\"phobwjz\" data-element_type=\"column\" data-e-type=\"column\">\n\t\t\t<div class=\"elementor-widget-wrap elementor-element-populated\">\n\t\t\t\t\t\t<div class=\"elementor-element elementor-element-clyq47f areas-box elementor-position-top elementor-widget elementor-widget-image-box\" data-id=\"clyq47f\" data-element_type=\"widget\" data-e-type=\"widget\" data-widget_type=\"image-box.default\">\n\t\t\t\t<div class=\"elementor-widget-container\">\n\t\t\t\t\t<div class=\"elementor-image-box-wrapper\"><figure class=\"elementor-image-box-img\"><a href=\"#\" tabindex=\"-1\"><img decoding=\"async\" width=\"425\" height=\"213\" src=\"https:\/\/www.svebico.se\/wp-content\/uploads\/2023\/08\/Marknadsforing.jpg\" class=\"attachment-full size-full wp-image-986\" alt=\"Leif &quot;Loket&quot; Olsson\" srcset=\"https:\/\/www.svebico.se\/wp-content\/uploads\/2023\/08\/Marknadsforing.jpg 425w, https:\/\/www.svebico.se\/wp-content\/uploads\/2023\/08\/Marknadsforing-300x150.jpg 300w\" sizes=\"(max-width: 425px) 100vw, 425px\" \/><\/a><\/figure><div class=\"elementor-image-box-content\"><h4 class=\"elementor-image-box-title\"><a href=\"#\">Marknadsf\u00f6ring<\/a><\/h4><p class=\"elementor-image-box-description\">SVEBICO arbetar med marknadsf\u00f6ring och PR med syfte att \u00f6ka intresset f\u00f6r bingospelandet. Ett exempel p\u00e5 gemensam marknadsf\u00f6ring \u00e4r v\u00e5rt samarbete med Leif \"Loket\" Olsson. Ett samarbete d\u00e4r \"Loket\" bes\u00f6kt ett stort antal bingohallar till gl\u00e4dje f\u00f6r s\u00e5v\u00e4l g\u00e4ster som personal. Kampanjens h\u00f6jdpunkt blev ett antal Bingokryssningar med Birka Princess d\u00e4r glada bingog\u00e4ster spelade bingo och hade trevligt under 24 timmar tillsammans med bl.a. \"Loket\".<\/p><\/div><\/div>\t\t\t\t<\/div>\n\t\t\t\t<\/div>\n\t\t\t\t\t<\/div>\n\t\t<\/div>\n\t\t\t\t\t<\/div>\n\t\t<\/section>\n\t\t\t\t<section class=\"elementor-section elementor-top-section elementor-element elementor-element-43bde52 elementor-section-boxed elementor-section-height-default elementor-section-height-default\" data-id=\"43bde52\" data-element_type=\"section\" data-e-type=\"section\">\n\t\t\t\t\t\t<div class=\"elementor-container elementor-column-gap-default\">\n\t\t\t\t\t<div class=\"elementor-column elementor-col-100 elementor-top-column elementor-element elementor-element-237020d\" data-id=\"237020d\" data-element_type=\"column\" data-e-type=\"column\">\n\t\t\t<div class=\"elementor-widget-wrap elementor-element-populated\">\n\t\t\t\t\t\t<div class=\"elementor-element elementor-element-a679e36 elementor-widget elementor-widget-spacer\" data-id=\"a679e36\" data-element_type=\"widget\" data-e-type=\"widget\" data-widget_type=\"spacer.default\">\n\t\t\t\t<div class=\"elementor-widget-container\">\n\t\t\t\t\t\t\t<div class=\"elementor-spacer\">\n\t\t\t<div class=\"elementor-spacer-inner\"><\/div>\n\t\t<\/div>\n\t\t\t\t\t\t<\/div>\n\t\t\t\t<\/div>\n\t\t\t\t\t<\/div>\n\t\t<\/div>\n\t\t\t\t\t<\/div>\n\t\t<\/section>\n\t\t\t\t<\/div>\n\t\t","protected":false},"excerpt":{"rendered":"<p>Vad g\u00f6r svebico? SVEBICO, Sveriges Bingoarrang\u00f6rers Centralorganisation, grundades 1980 och representerar n\u00e4stan\u00a0100\u00a0 procent av Sveriges bingohallar.\u00a0SVEBICO:s styrelse best\u00e5r av \u00e5tta representanter fr\u00e5n de anslutna medlemmarna. Dessa v\u00e4ljs p\u00e5 en \u00e5rlig st\u00e4mma f\u00f6r en period av ett eller tv\u00e5 \u00e5r i att sk. saxat system. Styrelsearbetet \u00e4r helt ideellt.\u00a0SVEBICO:s verksamhet best\u00e5r av tre h\u00f6rnstenar: opinionsbildning &#038; [&hellip;]<\/p>\n","protected":false},"author":1,"featured_media":0,"parent":0,"menu_order":0,"comment_status":"closed","ping_status":"closed","template":"","meta":{"ocean_post_layout":"full-screen","ocean_both_sidebars_style":"","ocean_both_sidebars_content_width":0,"ocean_both_sidebars_sidebars_width":0,"ocean_sidebar":"0","ocean_second_sidebar":"0","ocean_disable_margins":"enable","ocean_add_body_class":"","ocean_shortcode_before_top_bar":"","ocean_shortcode_after_top_bar":"","ocean_shortcode_before_header":"","ocean_shortcode_after_header":"","ocean_has_shortcode":"","ocean_shortcode_after_title":"","ocean_shortcode_before_footer_widgets":"","ocean_shortcode_after_footer_widgets":"","ocean_shortcode_before_footer_bottom":"","ocean_shortcode_after_footer_bottom":"","ocean_display_top_bar":"default","ocean_display_header":"default","ocean_header_style":"","ocean_center_header_left_menu":"0","ocean_custom_header_template":"0","ocean_custom_logo":0,"ocean_custom_retina_logo":0,"ocean_custom_logo_max_width":0,"ocean_custom_logo_tablet_max_width":0,"ocean_custom_logo_mobile_max_width":0,"ocean_custom_logo_max_height":0,"ocean_custom_logo_tablet_max_height":0,"ocean_custom_logo_mobile_max_height":0,"ocean_header_custom_menu":"0","ocean_menu_typo_font_family":"0","ocean_menu_typo_font_subset":"","ocean_menu_typo_font_size":0,"ocean_menu_typo_font_size_tablet":0,"ocean_menu_typo_font_size_mobile":0,"ocean_menu_typo_font_size_unit":"px","ocean_menu_typo_font_weight":"","ocean_menu_typo_font_weight_tablet":"","ocean_menu_typo_font_weight_mobile":"","ocean_menu_typo_transform":"","ocean_menu_typo_transform_tablet":"","ocean_menu_typo_transform_mobile":"","ocean_menu_typo_line_height":0,"ocean_menu_typo_line_height_tablet":0,"ocean_menu_typo_line_height_mobile":0,"ocean_menu_typo_line_height_unit":"","ocean_menu_typo_spacing":0,"ocean_menu_typo_spacing_tablet":0,"ocean_menu_typo_spacing_mobile":0,"ocean_menu_typo_spacing_unit":"","ocean_menu_link_color":"","ocean_menu_link_color_hover":"","ocean_menu_link_color_active":"","ocean_menu_link_background":"","ocean_menu_link_hover_background":"","ocean_menu_link_active_background":"","ocean_menu_social_links_bg":"","ocean_menu_social_hover_links_bg":"","ocean_menu_social_links_color":"","ocean_menu_social_hover_links_color":"","ocean_disable_title":"default","ocean_disable_heading":"default","ocean_post_title":"","ocean_post_subheading":"","ocean_post_title_style":"","ocean_post_title_background_color":"","ocean_post_title_background":0,"ocean_post_title_bg_image_position":"","ocean_post_title_bg_image_attachment":"","ocean_post_title_bg_image_repeat":"","ocean_post_title_bg_image_size":"","ocean_post_title_height":0,"ocean_post_title_bg_overlay":0.5,"ocean_post_title_bg_overlay_color":"","ocean_disable_breadcrumbs":"default","ocean_breadcrumbs_color":"","ocean_breadcrumbs_separator_color":"","ocean_breadcrumbs_links_color":"","ocean_breadcrumbs_links_hover_color":"","ocean_display_footer_widgets":"default","ocean_display_footer_bottom":"default","ocean_custom_footer_template":"0","footnotes":""},"class_list":["post-294","page","type-page","status-publish","hentry","entry"],"jetpack_sharing_enabled":true,"_links":{"self":[{"href":"https:\/\/www.svebico.se\/index.php\/wp-json\/wp\/v2\/pages\/294","targetHints":{"allow":["GET"]}}],"collection":[{"href":"https:\/\/www.svebico.se\/index.php\/wp-json\/wp\/v2\/pages"}],"about":[{"href":"https:\/\/www.svebico.se\/index.php\/wp-json\/wp\/v2\/types\/page"}],"author":[{"embeddable":true,"href":"https:\/\/www.svebico.se\/index.php\/wp-json\/wp\/v2\/users\/1"}],"replies":[{"embeddable":true,"href":"https:\/\/www.svebico.se\/index.php\/wp-json\/wp\/v2\/comments?post=294"}],"version-history":[{"count":22,"href":"https:\/\/www.svebico.se\/index.php\/wp-json\/wp\/v2\/pages\/294\/revisions"}],"predecessor-version":[{"id":1310,"href":"https:\/\/www.svebico.se\/index.php\/wp-json\/wp\/v2\/pages\/294\/revisions\/1310"}],"wp:attachment":[{"href":"https:\/\/www.svebico.se\/index.php\/wp-json\/wp\/v2\/media?parent=294"}],"curies":[{"name":"wp","href":"https:\/\/api.w.org\/{rel}","templated":true}]}}